 - -1 - (7 + 3 + (62 - 78))?
-37
35 - (-16 - (-36 + 16 - -1))
32
Evaluate (-4 + 18 + 5 - (-1 + 9)) + -2.
9
What is the value of (-20 + 1 - (-508 - -500)) + -38 + 2?
-47
Evaluate 0 + 19 - (61 - (10 + 0 - 7)).
-39
Evaluate (2 - 27) + -36 - -46.
-15
Evaluate (-32 + 35 - 37 - -39) + (2 - (-2 + 13)).
-4
What is the value of (9 - -38 - 112) + -16?
-81
(68 - 27) + -87 + 23
-23
What is (2 - (-11 + 23)) + -1 + 8 + -15?
-18
What is the value of -1 - -64 - 131 - -17?
-51
Calculate -15 + 4 + (-7 - -15) + -19.
-22
What is the value of 2 - 12 - (15 + (-38 - -40)) - -4?
-23
Calculate 2 + 6 - (20 - 1 - (-14 + 7) - -22).
-40
Evaluate (-19 - -13 - 9 - (-9 + 1)) + (90 - -4).
87
What is (-6 - (70 + 43 + -33 + (2 - 22))) + 1?
-65
What is the value of 13 + -5 + 4 + (-6 - -1)?
7
What is 61 + (5 - 53) + 29 - -99?
141
Evaluate -58 - (105 + -100) - -16.
-47
What is the value of -2 - ((-2 + 9 - 60) + (43 - 54))?
62
What is (-22 - -23) + (-6 + (9 - 3) - (-1 + -41))?
43
-2 - (15 + 3 - 22 - (13 - -8))
23
What is the value of (0 + -88 - -1) + -31 + (26 - 13)?
-105
Evaluate -4 + 0 + 23 + -31 + 3 + 85.
76
Calculate 33 - (-15 + 31) - 24 - -8.
1
What is the value of (-1 - (22 + 0)) + 32939 + -32917 - (-30 - -1)?
28
27 + -83 + 12 + 52
8
What is (-310 - -412) + -82 - (0 + -44)?
64
Evaluate 1 - (1 + 1 + (69 - 47) + (1 - 142)).
118
What is the value of -2 + (0 - -2) - -34 - (-58 - -51)?
41
Calculate 12 - 54 - -15 - (16 - -9).
-52
Evaluate (49 + 0 - (-2 - 8 - -19)) + 2 + 2.
44
Calculate (-43 - -46) + (-1 - -3) + 6.
11
What is the value of -63 - ((4 - 27) + -42)?
2
What is 71 - 134 - -10 - -55 - (0 - (1 + -13))?
-10
Evaluate -15 + 34 + 17 + -11 + 1.
26
What is -18 - (-125 + 65 - -71)?
-29
Calculate (18 + -18 - -25) + -23 - -20.
22
Evaluate 3 + 5 - ((-10 - -15) + 7) - 2.
-6
22 + 3 - ((9 - 4) + (-78 - -79))
19
Calculate 23 + (44 - 65) - (11 - (1 + 0 + 3)).
-5
What is -7 - (1 + 21 + (-6 - 6))?
-17
What is (4 - -1) + (-72 - ((114 - 112) + (2 - 21)))?
-50
What is the value of 3 + (10 - (14 - 5)) + 12 + -11?
5
Calculate 13 + -28 + (9 - (5 - 3)) + 0.
-8
What is the value of (42 - (-11 + 3)) + 38 + -29?
59
What is the value of -4 + (-3 - 3 - -6) + -11 + -5 + 40?
20
What is the value of (41 - (-2 - -22) - (1 - -11)) + -49?
-40
Evaluate -57 - -1 - (-603 + 522).
25
(-18 + -17 - -36) + -39 + 103
65
Evaluate (-29 - -7) + (6 + (13 - 1) - 6).
-10
-155 - (-136 + -137 + 201)
-83
Evaluate 78 + -6 + (-27 - -9) + 12 + (17 - 20).
63
Evaluate -48 + -28 + 31 + (-10 - 2 - 3).
-60
What is -3 + 17 - (112 - 89 - (-30 + 7))?
-32
What is 2 + 3 + -4 + 0 + (-1217 - -1225)?
9
What is (-1 - 2) + (1599 - 1653)?
-57
-308 - -353 - (115 + 14)
-84
-55 + 140 + 20 - 147
-42
Calculate -639 + 662 - ((36 - 3) + -3).
-7
Calculate (-5 - (-2 - -1)) + (15 - 18 - -39).
32
Calculate (10 - 1 - (41 - (3 - -20))) + -46 + 1.
-54
What is 104 + (-7 - (-9 + 11 + -16) - (-5 - -23))?
93
Calculate (-587 - -503) + (38 - 9) + -6.
-61
50 + -38 + -5 - (0 - 15)
22
Calculate -57 - (-33 + 45) - -43.
-26
What is the value of -535 + 474 - (13 + -21)?
-53
What is 60 + 119 + -43 + -89?
47
What is 66 - (54 + -99 + 175)?
-64
Evaluate -6 + -18 + 38 + -21 + -2 + -1 + -42.
-52
What is -9 + (-11 - 42) + 25 + -3 + -4?
-44
-54 - (10 - (0 - -5) - 23 - (65 + -73))
-44
What is -30 + -30 + (80 - -10) - 19?
11
Calculate -55 - ((-5 - 2) + (7 - 2)) - (30 - 40).
-43
What is 1 + -103 - (713 + -780)?
-35
What is the value of -8 - -9 - (2 + 11 + -38)?
26
Calculate -74 - (6 + -2 + -14 - -4 - -4).
-72
What is -50 + 44 + 49 - 0?
43
Calculate (-1 - 15) + (-548 - -561 - (4 + -16)).
9
What is the value of -9 + 0 + (-6 + 0 + 0 - (-182 + 150))?
17
What is the value of 27 - (20 - (36 - (-15 + 3)))?
55
What is the value of (53 - (-56 - -119)) + (71 - 4)?
57
Evaluate -82 + -86 + 183 + (0 - 10) + 19.
24
Evaluate 84 + (-174 - -98) + 2 + -76.
-66
Calculate (-14 - (-5 + 11 + -15 + 5)) + 80 - 10.
60
What is -6 + 2 + 158 + -124 - (-11 + 10 + 16)?
15
Evaluate (-3 - 3) + 2 - 111 - (-52 - -8 - -35).
-106
Evaluate -14 - (-20 - (1 + -23)) - (-104 + -11).
99
Calculate -11 - (1 - -6 - 11 - (-13 - (-3 - -2))).
-19
Calculate 3 - 50 - (-10 - (16 + -2 - 29)) - 13.
-65
64 + 0 - (216 + -380 + 147 - (-1 - 23))
57
Calculate 97 + 2 + (-8 - -17 - (-7 + -6 + 10)).
111
Calculate (4 + -1 - (-1 - -3 - 4)) + 5.
10
Calculate -1 + -97 + -1665 + 1751.
-12
Evaluate (-7 + -1 - 5) + 117 + (2 + -7 - -4).
103
What is the value of -34 + (55 - (-71 + 100))?
-8
Calculate 20 + (-119 - ((-9 - 69) + 41)).
-62
Calculate -57 - (-17 - 23) - -47 - (-24 + 1).
53
-5 + 40 + -47 + 33
21
Evaluate (-26 - 9) + -5 + 68 + 2 + -4.
26
What is (-3 - (12 + 73)) + 42?
-46
18862 + -19002 + (94 - 0)
-46
What is the value of -7 + (7 - (14 - -10)) - -18?
-6
Evaluate (2 + -2 - (-1 + -13)) + (580 - 494).
100
Evaluate -1 + 6 + -8 + 11 + (-7 - -4).
5
What is the value of -20 - (-48 + 76 + -8)?
-40
What is 74 - ((-10 - (-1 - (3 + 1))) + 2 - -12)?
65
Calculate (17 + 0 + -7 - (0 + -6 + 6)) + -9.
1
What is the value of 2 - -7 - (-14 - (-1 - (47 + -14) - -10))?
-1
Calculate -1 + 0 - (-80 - (-193 - -65)).
-49
Evaluate 22 + (-18 - 4 - 13) - -69.
56
(12 - 2) + (-1 - -16) + 9 + -75
-41
What is the value of 23 + 2 + (-81 + -13 - -72)?
3
Calculate -10 + 5 - 20 - (239 + -297).
33
-6 + -21 - (-49 + (0 - -1))
21
Evaluate 7 - (19 + (25 - (56 + -7))).
12
Calculate 2 + 10 + -33 + -48 + 30.
-39
Evaluate (260 - 217) + 16 + -35 + 3.
27
Evaluate 87 - ((-21 + 19 - 31) + 54).
66
What is the value of -31 + 45 + -30 + 14 + (-1 - -1) + 60?
58
What is 11 + -30 + 52 + -19 - (-48 + -1)?
63
What is the value of 4 + (-7 - 0) - -2 - (4411 - 4355)?
-57
What is the value of (-34 + 36 - -7) + -16 - -62?
55
What is the value of -2 + -33 + (-92 - -216 - 175)?
-86
40 - (1 + (16 - 5 - 34))
62
Evaluate 78 + (165 - 134) - 134.
-25
-1 - (-70 - -1) - (63 - (118 + -37))
86
Calculate (-46 + -105 - -153) + (-91 - 2 - (1 + -2)).
-90
46 - (0 + 8 - (1 - -14) - (23 + -21))
55
What is the value of -3 + -2 + 31 + 0 - (-8 - -9)?
25
What is (-85 - -78) + (-8 + 7 - -87) + -5?
74
(364 - 354 - (23 - 1)) + -55
-67
Calculate -12 + (0 - -20) - (4 + 1) - 80 - 5.
-82
Calculate -7 - -17 - (29 + 9 + -22 + 109) - 15.
-130
Evaluate -16 + 6 + (-42 - -44) - 10.
-18
Evaluate (-6 - (-21 - (20 - 16))) + 9.
28
22 - 39 - 21 - -46
8
Evaluate -43 + 27 - -46 - 13.
17
0 + 2 + 233 + -247 + -3 - 69
-84
Calculate -2 + (12 - -20) - 48 - -23.
5
Evaluate -238 - -4 - (516 + -623).
-127
Evaluate (-3 - 46) + (41 + -6 - 35).
-49
What is the value of 23 + -59 + -6 + 28?
-14
Evaluate -114 + (45 - (10 + -41 + 58)).
-96
Evaluate (64 - (44 + -3)) + 10 + 1.
34
Evaluate -4 - ((6 + 0 + -9 + 4 - -6) + -74).
63
-504 + (356 - -262) - ((-1 - (2 - 2)) + 13)
102
-13 - (0 + (-3 - -9 - 10) + (0 - -2))
-11
-2 - -32 - 3 - (151 + -136 + -25)
37
What is (-45 - 0) + -7151 + 7154?
-42
Evaluate -20 + 1 + -9 + 15 + 1 + 3 + -6.
-15
Calculate -57 + -11 + (24 - 12) + 20.
-36
Calculate (-52 - (-61 + 27)) + -29.
-47
Calculate 0 - ((73 - (-12 - (8 - 10))) + (0 - -3)).
-86
What is -21 - (-115 - -75) - 84?
-65
(-17 - -12) + 5 + -15 + -48
-63
(1 + -3 - -16) + -22 - -13
5
Evaluate -358 - (445 + -809) - (2 - (-1 + -81)).
-78
What is the value of (-795 - -783) + (-2 - -2) + 3 - -58?
49
What is the value of (13 - (-22 + (11 - (-6 + 3)))) + 4?
25
What is the value of -8 + 93 - (-130 - -199)?
16
What is the value of (-79 - -8) + (130 - 30)?
29
Evaluate 0 - (11 - (16 + -21 + 12)) - 8.
-12
What is the value of 47 + (-23 - (0 + 2) - -55)?
77
Calculate -75 + (4 + -10 - -14) - (7 - -2 - 18).
-58
What is -5 + (70 + -132 - -48)?
-19
What is the value of (3 + -1 + 0 - 28) + -5930 + 5927?
-29
21 + -3 + (-174 - -170)
14
What is the value of (-11 - -1) + 5 - (-47 + 26)?
16
Calculate -203 + (114 + -40 - -13).
-116
Evaluate 2 - (-7 - -1) - (-3252 - -3209).
51
What is 611 - 534 - (2 + 44)?
31
2 + 0 + (-26 - (29 + -43) - -31)
21
Calculate -10 - (-2 - 1) - (63 - (243 + -108)).
65
Evaluate (-6 - (9 + -14 + 6)) + -4 - 4 - -78.
63
What is -79 + (-3 - 11) + -14 + 2 + 7?
-98
-17 + -8 + 22 + -35
-38
Calculate (-2 - -2 - 4) + 66 + (-16 + 14 - 7).
53
What is 21 - (-12 + (-48 - (-40 + 25)))?
66
Evaluate 104 + -84 - ((13 - 8) + 13).
2
Evaluate (8 + -5 - (-8 - -5) - 6) + (-67 - -45).
-22
Calculate -1243 - -1234 - (5 + (1 - 81 - (-16 + 14))).
64
(-268 + 324 - (8 - (-1 - 0)) - 6) + 8
49
Evaluate